f/10. What is the highest common divisor of a and 27?
27
Let l be ((-3)/9*3)/((-4)/16). Suppose -442 - 34 = -2*h + 3*a, 3*a - 988 = -l*h. What is the highest common factor of 61 and h?
61
Let y be 1 + 3 + -3 + 7. Let o(p) = -17*p + 158. Let v be o(y). Calculate the highest common factor of v and 132.
22
Suppose 2*u + 16 = 0, -3*k - 28*u = -23*u + 13. Calculate the highest common factor of 1251 and k.
9
Let x = -4488 + 4502. Calculate the highest common factor of 686 and x.
14
Suppose 142*l + 123881 = 595463. Calculate the greatest common divisor of 82 and l.
41
Let o = 2755 + -1433. What is the greatest common factor of o and 2?
2
Suppose -2*m + 5*z + 33 + 0 = 0, -5*m = z - 69. Let q be m*(-66)/(-18)*6. What is the greatest common divisor of 28 and q?
28
Let k be (1/3)/((-27)/44712*-24). Let y = 310 - 80. Suppose y = -0*f + 2*f. Calculate the greatest common divisor of k and f.
23
Let t = 116 - -14. Let f be (-59 - -69)*(0 - -1). What is the greatest common factor of t and f?
10
Let b = 438 - 420. What is the greatest common divisor of b and 315?
9
Let t(f) = 9*f**3 - 3*f**2 - 5*f + 12. Let p be t(2). Calculate the greatest common divisor of p and 434.
62
Let m = -200 - -174. Let r = m - -27. Let g(o) = 7*o**2 + o - 1. Let q be g(1). What is the greatest common factor of r and q?
1
Let w(r) = -r**2 - 51*r + 5739. Let y be w(54). What is the highest common divisor of y and 8257?
23
Let x(d) = 71*d**2 - 119*d - 346. Let p be x(-3). Calculate the greatest common divisor of p and 175.
25
Let y(b) = 105*b - 1232. Let n be y(13). Suppose 0 = -2*m + 2, -i - 2*m + 116 = i. What is the highest common divisor of i and n?
19
Let p be (6 + -59 - -7)*498. Let x be ((-4)/(-7) - 1) + p/(-581). Calculate the highest common factor of x and 91.
13
Let j = -72 - -77. Suppose g = j*o + 79, -g + 0*g = o - 85. Suppose -g = -7*m - 0*m. Calculate the highest common divisor of m and 84.
12
Suppose 3*o = h - 374, 2*h + 196 = -4*o - 306. Let c = -110 - o. Suppose -19*v + c*v + 12 = 0. What is the greatest common divisor of v and 3?
3
Suppose -2*l - z = -1048, -2*l = -187*z + 191*z - 1072. What is the greatest common factor of 1625 and l?
65
Let k = 34704 + -34691. Calculate the greatest common divisor of 793 and k.
13
Let h(c) be the second derivative of c**4/6 + 11*c**3/6 - 2*c**2 + 6*c + 1. Let w be h(4). Calculate the greatest common factor of w and 54.
18
Suppose -5*l = -3*m + 4, m + m + 2*l = 24. Suppose 2*o + 4*k = m + 10, 0 = 3*o - 3*k - 18. What is the highest common divisor of o and 91?
7
Let w be 2/(2/(25 - 1)). Let n(o) = -13*o**2 - o - 2. Let r be n(-2). Let h be r/65*(43 + 2)/(-3). What is the greatest common factor of h and w?
12
Let l be 8*9/(-90)*5/(-2). Suppose 20 = 2*h + l. Calculate the greatest common divisor of 18 and h.
9
Suppose 13*c - 416 = -0*c. Let k = c - 29. Suppose k*a - 42 = z + 6, 0 = 4*z. Calculate the greatest common factor of a and 16.
16
Let u(t) = -79*t + 731. Let x be u(9). Calculate the greatest common factor of 21020 and x.
20
Let s = 18 + -7. Suppose 144*y - 137*y = 1442. Let k = -184 + y. Calculate the highest common divisor of s and k.
11
Let l(h) = -h**2 - 23*h + 8*h**2 - 29*h + 21 + 45*h. Let p be l(4). Calculate the greatest common divisor of p and 30.
15
Let s be 3*(9 - 124/12) - -2534. What is the greatest common factor of s and 275?
55
Suppose 24 = -4*b + 80. Suppose -b = -2*w - 4. Suppose -2*n - w*n + 665 = 0. Calculate the greatest common factor of 19 and n.
19
Suppose -4*m + 16 = -s, 3*s - 2*m + 6*m + 32 = 0. Let i be 3225/20 + (-9)/s. Let q = 64 + -46. What is the highest common divisor of q and i?
18
Suppose 3*c - 306 = -3*j + c, 5*j - 5*c - 485 = 0. Let b = j - 87. Suppose 234 = s + 2*s. What is the greatest common factor of b and s?
13
Let u be 33/(-2)*14/21. Let p be (21/(-5) - u/55) + -3083. Let i be (p/7)/((-3)/2). What is the greatest common divisor of 42 and i?
42
Let p be -2 + (3 - 0) - -9. Let h = 8561 + -8456. What is the highest common factor of h and p?
5
Suppose t - q = 166, 3*t - q = -0*q + 490. Let a(v) = 121*v**2 + 3265*v - 27. Let h be a(-27). Calculate the highest common factor of t and h.
27
Let f be (-18)/(4*((-2)/(-5) - (-31)/(-40))). What is the greatest common factor of f and 10068?
12
Suppose p + 3 = 2*p - 3*w, 2*w = -5*p + 15. Suppose 9 = p*h - 27. Let k(c) = -c**2 + 17*c + 38. Let r be k(h). What is the greatest common factor of 28 and r?
14
Suppose -4*o = -5*w + 636, 0 = -2*w + 32*o - 30*o + 254. Calculate the greatest common factor of w and 928.
32
Let o(s) be the first derivative of -s**2/2 + 18*s + 45. Let h be o(16). Let p be ((-54)/(-4))/(h/4). What is the greatest common divisor of p and 36?
9
Let a = -299 + 477. Let k = a + -153. Let x(y) = 5*y. Let d be x(2). Calculate the greatest common divisor of k and d.
5
Let k = -6623 + 7249. Calculate the greatest common divisor of 4 and k.
2
Suppose -335 = 4*h + i, -2*h - 250 = -5*i - 77. Let b = 28 - h. Suppose 43*q = 86*q - 31*q - 192. What is the highest common factor of q and b?
16
Let o = -4948 - -10193. Suppose -4*a = a - o. Suppose 5*p - a = -289. What is the greatest common factor of p and 38?
38
Suppose 0 = -3*v + 3*g + 195, -422 + 79 = -5*v - g. What is the greatest common factor of v and 51?
17
Let j(r) = r**3 - 12*r**2 - 16*r + 42. Let k be j(13). Let w(u) = 19*u**2 + 12*u - 18. Let f be w(k). Calculate the highest common divisor of f and 27.
27
Suppose 2*i = -n + 15, 0 = 2*n - 5*n + 4*i - 5. Suppose -134*b - 282*b + 3328 = 0. What is the highest common divisor of b and n?
1
Let b be ((-450)/15)/(-6) - -1744. What is the greatest common factor of b and 33?
33
Let t = -42307 - -42671. Suppose 5*m = 1395 - 30. What is the highest common factor of m and t?
91
Let q = 5532 - 5529. What is the greatest common factor of 129 and q?
3
Let q(k) = 2*k**2 + 34*k + 12. Let c be q(-18). Calculate the greatest common factor of c and 3276.
12
Let k = -7 + 47. Suppose 5*m = 5*v - k, -4*v = -2*m - 10 - 14. Suppose v*s - 2*x = 246, s - 3*x - 74 = -5*x. Calculate the greatest common factor of s and 16.
16
Suppose 392 = -311*y + 318*y. Suppose -3*q + y = k - 4*q, 3*q = 5*k - 272. What is the highest common divisor of 4 and k?
4
Let z = -10747 + 15708. What is the highest common divisor of 726 and z?
121
Let f be 81/18 - 6/4 - -51. Suppose 38*p = 36*p + f. What is the highest common factor of p and 36?
9
Let y be (64/40)/(4/30). Suppose 0 = 2*l - 2 - 0. Let j(i) = 24*i**3 + i - 1. Let m be j(l). Calculate the greatest common factor of y and m.
12
Suppose 5*j - 4*j + i + 1312 = 0, 0 = 4*j - i + 5243. Let p = 1938 + j. What is the highest common divisor of p and 33?
33
Let f be 7 + -7 - (-6)/2. Suppose -s - 2*s = -f. Suppose c + s = 3. Calculate the highest common factor of 14 and c.
2
Let a = 7187 - 7003. What is the greatest common factor of a and 496?
8
Suppose -4*r - 5 + 17 = 0. Let m(n) = 6*n**2 + 2*n. Let p be m(r). Let w = 17 + -11. What is the greatest common divisor of w and p?
6
Let g(y) = 4*y**2 - 147*y + 1223. Let n be g(10). What is the highest common divisor of 531 and n?
9
Suppose -3*x + 0*i = -i - 7, 3*x = -2*i - 5. Let v be 39/6 - x/2. Let w(b) = 2*b**3 - 6. Let o be w(3). Calculate the highest common factor of o and v.
6
Let m(t) = -t**3 - 26*t**2 - 40*t + 217. Let v be m(-24). Calculate the greatest common divisor of 15 and v.
5
Suppose 19 = 2*w - 5. Let y(l) = l**3 - 14*l**2 - 118*l + 44. Let u be y(20). Calculate the greatest common divisor of u and w.
12
Suppose -490*h + 485*h = -175. Calculate the highest common divisor of 3815 and h.
35
Let x be 259*(-4 + 58/7). Let h be 64/512 - (x/16)/(-5). What is the highest common divisor of h and 7?
7
Let s be 4*((-28)/(-8) + 1). Let f = s + -18. Let a = 27 + f. What is the highest common divisor of a and 9?
9
Let m be ((-28)/48)/(4/(-16)) + 18/27. What is the highest common factor of 1851 and m?
3
Let i = -213 + 230. Suppose 15 = -3*h - 3*r - 6, -2*h = 5*r + 23. Let g = i - h. Calculate the highest common divisor of 14 and g.
7
Suppose -93 = -2*f + 131. Let l be (6 - (-714)/16) + (-3)/(-8). Let r = l - 35. What is the greatest common factor of f and r?
16
Let f(w) = w. Suppose -5*z + 42 + 9 = v, z - 7 = -v. Let g be f(z). Suppose 2*p - 59 = -g. What is the greatest common divisor of 6